der when 1*3*(-124)/(-2) is divided by w?
45
Suppose -7*x + 14 = -5*x. Calculate the remainder when 24 is divided by x.
3
Let j = -3049 - -3070. Calculate the remainder when (2 - 1)/((-1)/(-40)) is divided by j.
19
Suppose 6*y = 37 + 29. Calculate the remainder when 36 is divided by y + (4/(-8) - 5/(-2)).
10
Suppose 3*x = 3, 5*a - 4*x - 251 = 5. Calculate the remainder when 71 is divided by a.
19
Calculate the remainder when (129/(-1))/(3*(-9)/27) is divided by 34.
27
Suppose -4*x + d + 114 = 0, -3*x + 5*d + 85 = 4*d. Calculate the remainder when x is divided by 8.
5
Let f(z) = z**2 - 18*z - 52. Calculate the remainder when f(23) is divided by 14.
7
Let k(w) = w**2 - w - 1. Let f(d) = -3*d**2 + 3. Let r(j) = -f(j) - 2*k(j). Calculate the remainder when 18 is divided by r(2).
4
What is the remainder when 313 is divided by (2 + 12)*(-7 + 90/12)?
5
Let c be (-4)/(-10) - (-42)/(-5). Let w = 10 + c. Calculate the remainder when w is divided by (-1)/((-20)/16*(-2)/(-5)).
0
Suppose -v + 2*q = -25, 2*v - q - 152 = -3*v. Let u = -23 + 44. Suppose -4*f = -u - 11. What is the remainder when v is divided by f?
7
Suppose -r - 2*r + 177 = 0. Suppose -2*o + 2*y = -5 - 9, 3*y = -5*o + r. What is the remainder when 17 is divided by o?
7
Suppose 1365 = -2959*v + 2980*v. Let u = -69 - -103. What is the remainder when v is divided by u?
31
Let l = 24 + 120. Let a = 3 - -1. Suppose -h + a*h = l. Calculate the remainder when h is divided by 25.
23
Suppose -x + 6*x - 2*c - 150 = 0, 4*x - 118 = 2*c. Calculate the remainder when 55 is divided by (-8)/x + 114/8.
13
What is the remainder when (-261)/(12/(-4)) + -7 is divided by 4?
0
Let j be ((-1)/2)/(2/8). Suppose -16*d = 61 - 205. What is the remainder when 6/(-4)*(j + -14) is divided by d?
6
Calculate the remainder when 213 is divided by 4216/155 + 3/(-15).
24
Suppose 114*w - 119*w = -40. Calculate the remainder when 119 is divided by 81/(-3)*(w/(-3) - -2).
11
Let r(i) = -i**3 - 8*i**2 + 6*i + 11. Let s be r(-9). Suppose 2*l + 68 = -s. Let y = l - -111. What is the remainder when y is divided by 20?
18
Suppose 10*x = -5*b + 8*x + 126, b + x = 24. What is the remainder when 87 is divided by b?
9
Let y(n) = -2*n + 19. Let u be y(7). Suppose -u*a = 4*k - 90, 5*a - 3*k + 5*k - 80 = 0. Calculate the remainder when 40 is divided by a.
12
Let w(l) = -56*l - 666. Calculate the remainder when 370 is divided by w(-13).
60
Let w(a) = -41*a - 2. Let b be w(-1). Let m = b - 31. What is the remainder when 31 is divided by m?
7
Suppose 0 = r, -122*i + r - 18 = -125*i. What is the remainder when 27 is divided by i?
3
Let y be 1*-3 + (9 - -2). Let q = y + 5. What is the remainder when q is divided by 9?
4
Let q be -2315 + -3 + -4 + 4. Let f = q - -4856. What is the remainder when f/72 + (-3)/(-4) is divided by 13?
10
Let s(q) = 3*q**2 + 4*q - 1. Suppose 9*w + 77 = -4. Let h(x) = x**3 + 8*x**2 - 7*x + 23. What is the remainder when s(-3) is divided by h(w)?
4
Let v(i) be the first derivative of 3*i**2/2 - i - 4. Let f be v(2). Calculate the remainder when ((-18)/f)/((-14)/70) is divided by 5.
3
Let v(f) = -6*f**2 - 2*f + 1. Let w be v(1). Let h = -2 - w. Suppose 0*b + h*n - 75 = -5*b, -n + 37 = 3*b. Calculate the remainder when 42 is divided by b.
9
Suppose 0 = t - 0 - 4. Calculate the remainder when t/6 - 545/(-15) is divided by (0 + 26/8)*4.
11
Suppose 5*y = -4*z - 215, 4*z - 180 + 44 = 4*y. Let c = y + 53. Calculate the remainder when 25 is divided by c.
11
Suppose 12*w - 1632 = 96. Calculate the remainder when w is divided by 54.
36
Let i = 103 - 5. Suppose 5*c = -0*c + 25. Suppose c*l + 8 = i. What is the remainder when 70 is divided by l?
16
Let l = -49 - -51. Suppose 6 = 3*k, -l*t - 7*k + 2*k = -60. What is the remainder when 72 is divided by t?
22
Let q(v) = -v**2 - 48*v - 66. Calculate the remainder when q(-46) is divided by 10.
6
Let j = -26 - -42. Calculate the remainder when 44 is divided by j.
12
Let d(y) = -13*y - 3. Suppose -2*m - m + 15 = 0. Suppose -m*c - 568 = -9*c. Calculate the remainder when c is divided by d(-3).
34
Let a be 27*(-5)/60*1*-4. Suppose a*l = -l + 110. Calculate the remainder when 96 is divided by l.
8
Let y(r) = 22 + 4*r - 5 - r. What is the remainder when y(8) is divided by 21?
20
Let t(b) be the first derivative of -b**2 - 2*b - 60. Suppose -2*j = j + 18. What is the remainder when t(j) is divided by 7?
3
Suppose 0 = -22*q - 18*q + 2120. Calculate the remainder when 158 is divided by q.
52
Let u(c) = -c**3 - 20*c**2 - 22*c + 13. Let r be u(-19). Let y = r - 56. Calculate the remainder when 125 is divided by y.
13
Suppose -6*c + 10*c - 24 = 0. Let z be -2 - -4*3/c. Suppose 4*b - 42 = j - 4*j, 5*j + 10 = z. What is the remainder when 23 is divided by b?
11
Let o = 518 + -502. Let r(l) = 2*l**3 - 3*l**2 - l + 4. Calculate the remainder when r(3) is divided by o.
12
Suppose 115 = 7*g - 2*g. Let v(l) = -l**3 + 2*l**2 - l - 3. Let u be v(3). Let m = u + 27. Calculate the remainder when g is divided by m.
11
Suppose 0 = -2*k - 3*q + 154, 5*q - 14 = -34. What is the remainder when k is divided by 28?
27
Suppose -5*q + k = 53, 3*k + 2*k - 55 = 4*q. Let m(f) = f**2 + 8*f + 13. What is the remainder when m(q) is divided by 6?
3
Let w = 5 + 5. Let k = w - -13. Let t(x) = -163*x + 66. Calculate the remainder when t(0) is divided by k.
20
Suppose 0*u = u - 150. Calculate the remainder when u is divided by 9.
6
Let q be 4/6 + 334/3. Suppose 11*a = 16*a - 240. Let p = q - a. Calculate the remainder when p is divided by 22.
20
Let u = -64 - -63. Suppose -2*p + 22 = -6. Calculate the remainder when (u - 6/(-4)) + (-450)/(-20) is divided by p.
9
Let d(m) = -6*m - 35. Suppose 44 = -5*s + 4. Calculate the remainder when 51 is divided by d(s).
12
Suppose -5*a - 4*f = -189, 2*a = f - 6*f + 62. Suppose 0 = -5*h + 34 + 21. Calculate the remainder when a is divided by h.
8
Let q(i) = 4*i**3 + 2*i**3 - 11*i + 3 + 2*i - 7*i**3 + 10*i**2. Let w be q(9). Suppose -o + 3 = -w. What is the remainder when o is divided by 3?
0
Suppose 4*w - 23 + 83 = 0. Let c = w + 19. Suppose -c*m - 116 = -4*l, 6*l + 3*m = l + 137. Calculate the remainder when 83 is divided by l.
27
Suppose -30 = -7*g - 9. Let h = 18 + -8. Calculate the remainder when g*(3 + 76/6) is divided by h.
7
Let h(w) = w**2 + 12*w + 11. Suppose -30 = 3*p - 3*b, 0 = -4*p - 4*b + 3*b - 45. Let i be h(p). Let x = i - -65. What is the remainder when x is divided by 17?
14
Suppose 21 = -4*w + 137. Suppose 0*o = 3*o + i - 22, -2*i = 2*o - 12. What is the remainder when w is divided by o?
5
Suppose 3*h + h - 2*m - 42 = 0, -h + 2*m = -15. Let k(b) = -b**2 - 11*b - 4. Calculate the remainder when k(-6) is divided by h.
8
Suppose 30*n - 22*n = 1048. What is the remainder when n is divided by 35?
26
Suppose 0 = -18*j + 3838 - 2020. Calculate the remainder when 2118 is divided by j.
98
Let w(q) = 3*q + 13. Calculate the remainder when 54 is divided by w(2).
16
Suppose -d - 3*u = -15, -12*u + 7*u = 3*d - 65. Calculate the remainder when 61 is divided by d.
1
Suppose -2*z + 20 = 4*q - 5*z, -2*z = 0. Suppose q*g = g + 76. Calculate the remainder when 94 is divided by g.
18
Let a(s) = s**3 + 6*s**2 + 6*s + 82. Let i(g) = -g**2 - 19*g + 1. Calculate the remainder when i(-8) is divided by a(-6).
43
Let a(i) = i**3 - 3*i**2 + 2*i + 2. Let y be a(2). Suppose -k = -y - 4. Calculate the remainder when (15/(-4))/((-21)/56) is divided by k.
4
Let g = 21 + -19. Suppose p - a - 2*a = 2, -2*a = g*p + 12. Let u(x) = x**3 + 6*x**2 + 5*x + 3. Calculate the remainder when 43 is divided by u(p).
13
Suppose -n + 2*s + 2*s + 24 = 0, 2*n + 4*s = 60. Suppose -4*c = -4*w - 0 - 36, -2*c = -3*w - 19. What is the remainder when n is divided by c?
4
Let r = 24 + -19. What is the remainder when 83 is divided by 68/(-6)*(-6)/20*r?
15
Suppose 3*y + 5*r - 3*r - 103 = 0, -4*r = 16. Let c = 45 - y. Suppose -2*d + 3*d = 14. Calculate the remainder when d is divided by c.
6
Let p(i) = -i - 1. Let n(s) = s**3 + s - 6. Let z be n(0). Suppose 3*r + 0*t + 3 = 5*t, -t = -3*r + 9. What is the remainder when p(z) is divided by r?
1
Let y = 14 + -31. Let s = 162 - 144. What is the remainder when 6*(0 - y/2) is divided by s?
15
Suppose 2*n - 70 = -2*y, -5 = -2*y - 13. What is the remainder when 188 is divided by n?
32
Let f 